{"id":23,"date":"2023-06-15T11:07:42","date_gmt":"2023-06-15T11:07:42","guid":{"rendered":"http:\/\/citt-humanidadesdigitales.madrimasd.org\/?page_id=23"},"modified":"2023-07-19T08:55:19","modified_gmt":"2023-07-19T08:55:19","slug":"por-que-unirse-al-cluster","status":"publish","type":"page","link":"https:\/\/citt-espacio.madrimasd.org\/index.php\/home\/por-que-unirse-al-cluster\/","title":{"rendered":""},"content":{"rendered":"<div class=\"vce-row-container\" data-vce-boxed-width=\"true\"><div class=\"vce-row vce-row--col-gap-30 vce-row-equal-height vce-row-content--top\" id=\"el-0e4d7603\" data-vce-do-apply=\"all el-0e4d7603\"><div class=\"vce-row-content\" data-vce-element-content=\"true\"><div class=\"vce-col vce-col--md-auto vce-col--xs-1 vce-col--xs-last vce-col--xs-first vce-col--sm-last vce-col--sm-first vce-col--md-last vce-col--lg-last vce-col--xl-last vce-col--md-first vce-col--lg-first vce-col--xl-first\" id=\"el-0b2567a3\"><div class=\"vce-col-inner\" data-vce-do-apply=\"border margin background  el-0b2567a3\"><div class=\"vce-col-content\" data-vce-element-content=\"true\" data-vce-do-apply=\"padding el-0b2567a3\"><div class=\"vce vce-separator-with-title-container vce-separator-with-title--align-center\" id=\"el-849cc3e3\" data-vce-do-apply=\"margin el-849cc3e3\"><div class=\"vce-separator-with-title vce-separator-with-title--color-bfc0c1 vce-separator-with-title--width-60\" data-vce-do-apply=\"border padding background  el-849cc3e3\"><div class=\"vce-separator-with-title--line vce-separator-with-title--line--style-solid vce-separator-with-title-line--thickness-1 vce-separator-with-title--line-left\"><\/div><h3 class=\"vce-separator-with-title--title vce-separator-with-title--title--color-b-47-47-47\">\u00bfPor qu\u00e9 unirse al cl\u00faster?<\/h3><div class=\"vce-separator-with-title--line vce-separator-with-title--line--style-solid vce-separator-with-title-line--thickness-1 vce-separator-with-title--line-right\"><\/div><\/div><\/div><\/div><\/div><\/div><\/div><\/div><\/div><div class=\"vce-row-container\" data-vce-boxed-width=\"true\"><div class=\"vce-row vce-row--col-gap-30 vce-row-equal-height vce-row-content--top\" id=\"el-603218fb\" data-vce-do-apply=\"all el-603218fb\"><div class=\"vce-row-content\" data-vce-element-content=\"true\"><div class=\"vce-col vce-col--md-auto vce-col--xs-1 vce-col--xs-last vce-col--xs-first vce-col--sm-last vce-col--sm-first vce-col--md-last vce-col--lg-last vce-col--xl-last vce-col--md-first vce-col--lg-first vce-col--xl-first\" id=\"el-763ed3be\"><div class=\"vce-col-inner\" data-vce-do-apply=\"border margin background  el-763ed3be\"><div class=\"vce-col-content\" data-vce-element-content=\"true\" data-vce-do-apply=\"padding el-763ed3be\"><div class=\"vce-text-block\"><div class=\"vce-text-block-wrapper vce\" id=\"el-bd24c298\" data-vce-do-apply=\"all el-bd24c298\"><p>El cl\u00faster en tecnolog\u00edas del espacio ofrece un espacio colaborativo, donde por primera vez se re\u00fanen todas las entidades del sector en un mismo entorno (Empresas, universidades, centros de investigaci\u00f3n y entidades p\u00fablicas) donde poder conectar, compartir conocimientos y experiencias, y colaborar en el desarrollo de proyectos conjuntos dentro del \u00e1rea de la Comunidad de Madrid. Al unirse al cl\u00faster, se obtiene acceso a una red diversa y especializada que fomenta la innovaci\u00f3n y el desarrollo tecnol\u00f3gico del sector espacial de forma concreta a trav\u00e9s de las siguientes \u00e1reas.<\/p><\/div><\/div><\/div><\/div><\/div><\/div><\/div><\/div><div class=\"vce-row-container\" data-vce-boxed-width=\"true\"><div class=\"vce-row vce-row--col-gap-30 vce-row-equal-height vce-row-content--top\" id=\"el-8bcee1a0\" data-vce-do-apply=\"all el-8bcee1a0\"><div class=\"vce-row-content\" data-vce-element-content=\"true\"><div class=\"vce-col vce-col--md-auto vce-col--xs-1 vce-col--xs-last vce-col--xs-first vce-col--sm-last vce-col--sm-first vce-col--md-first vce-col--lg-first vce-col--xl-first\" id=\"el-07f1c59c\"><div class=\"vce-col-inner\" data-vce-do-apply=\"border margin background  el-07f1c59c\"><div class=\"vce-col-content\" data-vce-element-content=\"true\" data-vce-do-apply=\"padding el-07f1c59c\"><div class=\"vce-single-image-container vce-single-image--align-left\"><div class=\"vce vce-single-image-wrapper\" id=\"el-51035852\" data-vce-do-apply=\"all el-51035852\"><figure><div class=\"vce-single-image-figure-inner\" style=\"width: 1024px;\"><div class=\"vce-single-image-inner vce-single-image--absolute\" style=\"width: 100%; padding-bottom: 66.6016%;\"><img loading=\"lazy\" decoding=\"async\" class=\"vce-single-image\"  width=\"1024\" height=\"682\" srcset=\"https:\/\/citt-espacio.madrimasd.org\/wp-content\/uploads\/2023\/07\/perte-1024x683.jpg 1024w, https:\/\/citt-espacio.madrimasd.org\/wp-content\/uploads\/2023\/07\/perte-2048x1366.jpg 2x, https:\/\/citt-espacio.madrimasd.org\/wp-content\/uploads\/2023\/07\/perte-320x213.jpg 320w, https:\/\/citt-espacio.madrimasd.org\/wp-content\/uploads\/2023\/07\/perte-480x320.jpg 480w, https:\/\/citt-espacio.madrimasd.org\/wp-content\/uploads\/2023\/07\/perte-800x533.jpg 800w\" src=\"https:\/\/citt-espacio.madrimasd.org\/wp-content\/uploads\/2023\/07\/perte-1024x683.jpg\" data-img-src=\"https:\/\/citt-espacio.madrimasd.org\/wp-content\/uploads\/2023\/07\/perte-scaled.jpg\" data-attachment-id=\"627\"  alt=\"\" title=\"perte\" \/><\/div><\/div><figcaption hidden=\"\"><\/figcaption><\/figure><\/div><\/div><\/div><\/div><\/div><div class=\"vce-col vce-col--md-auto vce-col--xs-1 vce-col--xs-last vce-col--xs-first vce-col--sm-last vce-col--sm-first\" id=\"el-aa5169f3\"><div class=\"vce-col-inner\" data-vce-do-apply=\"border margin background  el-aa5169f3\"><div class=\"vce-col-content\" data-vce-element-content=\"true\" data-vce-do-apply=\"padding el-aa5169f3\"><div class=\"vce-single-image-container vce-single-image--align-left\"><div class=\"vce vce-single-image-wrapper\" id=\"el-927663a7\" data-vce-do-apply=\"all el-927663a7\"><figure><div class=\"vce-single-image-figure-inner\" style=\"width: 1024px;\"><div class=\"vce-single-image-inner vce-single-image--absolute\" style=\"width: 100%; padding-bottom: 66.6992%;\"><img loading=\"lazy\" decoding=\"async\" class=\"vce-single-image\"  width=\"1024\" height=\"683\" srcset=\"https:\/\/citt-espacio.madrimasd.org\/wp-content\/uploads\/2023\/07\/talento2-1024x683.jpg 1024w, https:\/\/citt-espacio.madrimasd.org\/wp-content\/uploads\/2023\/07\/talento2-2048x1367.jpg 2x, https:\/\/citt-espacio.madrimasd.org\/wp-content\/uploads\/2023\/07\/talento2-320x214.jpg 320w, https:\/\/citt-espacio.madrimasd.org\/wp-content\/uploads\/2023\/07\/talento2-480x320.jpg 480w, https:\/\/citt-espacio.madrimasd.org\/wp-content\/uploads\/2023\/07\/talento2-800x534.jpg 800w\" src=\"https:\/\/citt-espacio.madrimasd.org\/wp-content\/uploads\/2023\/07\/talento2-1024x683.jpg\" data-img-src=\"https:\/\/citt-espacio.madrimasd.org\/wp-content\/uploads\/2023\/07\/talento2-scaled.jpg\" data-attachment-id=\"630\"  alt=\"\" title=\"talento2\" \/><\/div><\/div><figcaption hidden=\"\"><\/figcaption><\/figure><\/div><\/div><\/div><\/div><\/div><div class=\"vce-col vce-col--md-auto vce-col--xs-1 vce-col--xs-last vce-col--xs-first vce-col--sm-last vce-col--sm-first vce-col--md-last vce-col--lg-last vce-col--xl-last\" id=\"el-d1ca00d8\"><div class=\"vce-col-inner\" data-vce-do-apply=\"border margin background  el-d1ca00d8\"><div class=\"vce-col-content\" data-vce-element-content=\"true\" data-vce-do-apply=\"padding el-d1ca00d8\"><div class=\"vce-single-image-container vce-single-image--align-left\"><div class=\"vce vce-single-image-wrapper\" id=\"el-0581610f\" data-vce-do-apply=\"all el-0581610f\"><figure><div class=\"vce-single-image-figure-inner\" style=\"width: 1024px;\"><div class=\"vce-single-image-inner vce-single-image--absolute\" style=\"width: 100%; padding-bottom: 66.6016%;\"><img loading=\"lazy\" decoding=\"async\" class=\"vce-single-image\"  width=\"1024\" height=\"682\" srcset=\"https:\/\/citt-espacio.madrimasd.org\/wp-content\/uploads\/2023\/07\/tractores-1024x683.jpg 1024w, https:\/\/citt-espacio.madrimasd.org\/wp-content\/uploads\/2023\/07\/tractores-2048x1366.jpg 2x, https:\/\/citt-espacio.madrimasd.org\/wp-content\/uploads\/2023\/07\/tractores-320x213.jpg 320w, https:\/\/citt-espacio.madrimasd.org\/wp-content\/uploads\/2023\/07\/tractores-480x320.jpg 480w, https:\/\/citt-espacio.madrimasd.org\/wp-content\/uploads\/2023\/07\/tractores-800x533.jpg 800w\" src=\"https:\/\/citt-espacio.madrimasd.org\/wp-content\/uploads\/2023\/07\/tractores-1024x683.jpg\" data-img-src=\"https:\/\/citt-espacio.madrimasd.org\/wp-content\/uploads\/2023\/07\/tractores-scaled.jpg\" data-attachment-id=\"631\"  alt=\"\" title=\"tractores\" \/><\/div><\/div><figcaption hidden=\"\"><\/figcaption><\/figure><\/div><\/div><\/div><\/div><\/div><\/div><\/div><\/div><div class=\"vce-row-container\" data-vce-boxed-width=\"true\"><div class=\"vce-row vce-row--col-gap-30 vce-row-equal-height vce-row-content--top\" id=\"el-6aeb596e\" data-vce-do-apply=\"all el-6aeb596e\"><div class=\"vce-row-content\" data-vce-element-content=\"true\"><div class=\"vce-col vce-col--md-auto vce-col--xs-1 vce-col--xs-last vce-col--xs-first vce-col--sm-last vce-col--sm-first vce-col--md-first vce-col--lg-first vce-col--xl-first\" id=\"el-487e3b0d\"><div class=\"vce-col-inner\" data-vce-do-apply=\"border margin background  el-487e3b0d\"><div class=\"vce-col-content\" data-vce-element-content=\"true\" data-vce-do-apply=\"padding el-487e3b0d\"><div class=\"vce-text-block\"><div class=\"vce-text-block-wrapper vce\" id=\"el-6bf81145\" data-vce-do-apply=\"all el-6bf81145\"><h2 style=\"text-align: center;\"><span style=\"font-size: 16pt;\">PERTE aeroespacial<\/span><\/h2><br><p style=\"text-align: justify;\">Establecer sinergias para la presentaci\u00f3n conjunta de proyectos dentro del marco de las convocatorias de ayudas del PERTE Aeroespacial promovido por el Plan de Recuperaci\u00f3n, Transformaci\u00f3n y Resiliencia de los Fondos Next Generation<\/p><\/div><\/div><\/div><\/div><\/div><div class=\"vce-col vce-col--md-auto vce-col--xs-1 vce-col--xs-last vce-col--xs-first vce-col--sm-last vce-col--sm-first\" id=\"el-2377295a\"><div class=\"vce-col-inner\" data-vce-do-apply=\"border margin background  el-2377295a\"><div class=\"vce-col-content\" data-vce-element-content=\"true\" data-vce-do-apply=\"padding el-2377295a\"><div class=\"vce-text-block\"><div class=\"vce-text-block-wrapper vce\" id=\"el-05fcecf2\" data-vce-do-apply=\"all el-05fcecf2\"><h2 style=\"text-align: center;\"><span style=\"font-size: 16pt;\">Talento<\/span><\/h2><br><p style=\"text-align: justify;\">Participar en la redefinici\u00f3n de la oferta formativa y fomentar el traspaso de conocimiento y recursos humanos, orientado a las necesidades reales de las empresas y centros de investigaci\u00f3n dentro del sector espacial, de la mano de todos los agentes universitarios de la Comunidad de Madrid<\/p><\/div><\/div><\/div><\/div><\/div><div class=\"vce-col vce-col--md-auto vce-col--xs-1 vce-col--xs-last vce-col--xs-first vce-col--sm-last vce-col--sm-first vce-col--md-last vce-col--lg-last vce-col--xl-last\" id=\"el-4a0b3c87\"><div class=\"vce-col-inner\" data-vce-do-apply=\"border margin background  el-4a0b3c87\"><div class=\"vce-col-content\" data-vce-element-content=\"true\" data-vce-do-apply=\"padding el-4a0b3c87\"><div class=\"vce-text-block\"><div class=\"vce-text-block-wrapper vce\" id=\"el-034c432b\" data-vce-do-apply=\"all el-034c432b\"><h2 style=\"text-align: center;\"><span style=\"font-size: 16pt;\"><strong>Proyectos tractores<\/strong><\/span><\/h2><p style=\"text-align: justify;\">&nbsp; &nbsp; &nbsp; &nbsp; &nbsp; &nbsp; &nbsp; &nbsp; &nbsp; &nbsp; &nbsp; &nbsp; &nbsp; &nbsp; &nbsp; &nbsp; &nbsp; &nbsp; &nbsp; &nbsp; &nbsp; &nbsp; &nbsp; &nbsp; &nbsp; &nbsp; Formar parte del desarrollo de proyectos propios e innovadores entorno al sector espacial, definidos e impulsados por los propios miembros del cl\u00faster independientemente del tama\u00f1o o tipo de entidad que sea<\/p><\/div><\/div><\/div><\/div><\/div><\/div><\/div><\/div><div class=\"vce-row-container\" data-vce-boxed-width=\"true\"><div class=\"vce-row vce-row--col-gap-30 vce-row-equal-height vce-row-content--top\" id=\"el-15309d7b\" data-vce-do-apply=\"all el-15309d7b\"><div class=\"vce-row-content\" data-vce-element-content=\"true\"><div class=\"vce-col vce-col--md-auto vce-col--xs-1 vce-col--xs-last vce-col--xs-first vce-col--sm-last vce-col--sm-first vce-col--md-first vce-col--lg-first vce-col--xl-first\" id=\"el-94859f8f\"><div class=\"vce-col-inner\" data-vce-do-apply=\"border margin background  el-94859f8f\"><div class=\"vce-col-content\" data-vce-element-content=\"true\" data-vce-do-apply=\"padding el-94859f8f\"><div class=\"vce-single-image-container vce-single-image--align-center\"><div class=\"vce vce-single-image-wrapper\" id=\"el-ee2728c9\" data-vce-do-apply=\"all el-ee2728c9\"><figure><div class=\"vce-single-image-figure-inner\" style=\"width: 150px;\"><div class=\"vce-single-image-inner vce-single-image--absolute\" style=\"width: 100%; padding-bottom: 115.333%;\"><img loading=\"lazy\" decoding=\"async\" class=\"vce-single-image\"  width=\"150\" height=\"173\" srcset=\"https:\/\/citt-espacio.madrimasd.org\/wp-content\/uploads\/2023\/07\/Picture18-1-e1689682651774-150x150.png 150w, https:\/\/citt-espacio.madrimasd.org\/wp-content\/uploads\/2023\/07\/Picture18-1-320x369.png 320w\" src=\"https:\/\/citt-espacio.madrimasd.org\/wp-content\/uploads\/2023\/07\/Picture18-1-e1689682651774-150x150.png\" data-img-src=\"https:\/\/citt-espacio.madrimasd.org\/wp-content\/uploads\/2023\/07\/Picture18-1-e1689682651774.png\" data-attachment-id=\"632\"  alt=\"\" title=\"Picture18\" \/><\/div><\/div><figcaption hidden=\"\"><\/figcaption><\/figure><\/div><\/div><\/div><\/div><\/div><div class=\"vce-col vce-col--md-auto vce-col--xs-1 vce-col--xs-last vce-col--xs-first vce-col--sm-last vce-col--sm-first\" id=\"el-af935091\"><div class=\"vce-col-inner\" data-vce-do-apply=\"border margin background  el-af935091\"><div class=\"vce-col-content\" data-vce-element-content=\"true\" data-vce-do-apply=\"padding el-af935091\"><div class=\"vce-single-image-container vce-single-image--align-left\"><div class=\"vce vce-single-image-wrapper\" id=\"el-e18eafc4\" data-vce-do-apply=\"all el-e18eafc4\"><figure><div class=\"vce-single-image-figure-inner\" style=\"width: 1000px;\"><div class=\"vce-single-image-inner vce-single-image--absolute\" style=\"width: 100%; padding-bottom: 66.7%;\"><img loading=\"lazy\" decoding=\"async\" class=\"vce-single-image\"  width=\"1000\" height=\"667\" srcset=\"https:\/\/citt-espacio.madrimasd.org\/wp-content\/uploads\/2023\/07\/AdobeStock_122473889_Preview-320x213.jpeg 320w, https:\/\/citt-espacio.madrimasd.org\/wp-content\/uploads\/2023\/07\/AdobeStock_122473889_Preview-480x320.jpeg 480w, https:\/\/citt-espacio.madrimasd.org\/wp-content\/uploads\/2023\/07\/AdobeStock_122473889_Preview-800x534.jpeg 800w, https:\/\/citt-espacio.madrimasd.org\/wp-content\/uploads\/2023\/07\/AdobeStock_122473889_Preview-1000x667.jpeg 1000w\" src=\"https:\/\/citt-espacio.madrimasd.org\/wp-content\/uploads\/2023\/07\/AdobeStock_122473889_Preview-1000x667.jpeg\" data-img-src=\"https:\/\/citt-espacio.madrimasd.org\/wp-content\/uploads\/2023\/07\/AdobeStock_122473889_Preview.jpeg\" data-attachment-id=\"634\"  alt=\"\" title=\"AdobeStock_122473889_Preview\" \/><\/div><\/div><figcaption hidden=\"\"><\/figcaption><\/figure><\/div><\/div><\/div><\/div><\/div><div class=\"vce-col vce-col--md-auto vce-col--xs-1 vce-col--xs-last vce-col--xs-first vce-col--sm-last vce-col--sm-first vce-col--md-last vce-col--lg-last vce-col--xl-last\" id=\"el-160cf899\"><div class=\"vce-col-inner\" data-vce-do-apply=\"border margin background  el-160cf899\"><div class=\"vce-col-content\" data-vce-element-content=\"true\" data-vce-do-apply=\"padding el-160cf899\"><div class=\"vce-single-image-container vce-single-image--align-left\"><div class=\"vce vce-single-image-wrapper\" id=\"el-38f43671\" data-vce-do-apply=\"all el-38f43671\"><figure><div class=\"vce-single-image-figure-inner\" style=\"width: 810px;\"><div class=\"vce-single-image-inner vce-single-image--absolute\" style=\"width: 100%; padding-bottom: 66.6667%;\"><img loading=\"lazy\" decoding=\"async\" class=\"vce-single-image\"  width=\"810\" height=\"540\" srcset=\"https:\/\/citt-espacio.madrimasd.org\/wp-content\/uploads\/2023\/07\/eventos-320x213.jpg 320w, https:\/\/citt-espacio.madrimasd.org\/wp-content\/uploads\/2023\/07\/eventos-480x320.jpg 480w, https:\/\/citt-espacio.madrimasd.org\/wp-content\/uploads\/2023\/07\/eventos-800x533.jpg 800w, https:\/\/citt-espacio.madrimasd.org\/wp-content\/uploads\/2023\/07\/eventos-810x540.jpg 810w\" src=\"https:\/\/citt-espacio.madrimasd.org\/wp-content\/uploads\/2023\/07\/eventos-810x540.jpg\" data-img-src=\"https:\/\/citt-espacio.madrimasd.org\/wp-content\/uploads\/2023\/07\/eventos.jpg\" data-attachment-id=\"636\"  alt=\"\" title=\"eventos\" \/><\/div><\/div><figcaption hidden=\"\"><\/figcaption><\/figure><\/div><\/div><\/div><\/div><\/div><\/div><\/div><\/div><div class=\"vce-row-container\" data-vce-boxed-width=\"true\"><div class=\"vce-row vce-row--col-gap-30 vce-row-equal-height vce-row-content--top\" id=\"el-46addbfb\" data-vce-do-apply=\"all el-46addbfb\"><div class=\"vce-row-content\" data-vce-element-content=\"true\"><div class=\"vce-col vce-col--md-auto vce-col--xs-1 vce-col--xs-last vce-col--xs-first vce-col--sm-last vce-col--sm-first vce-col--md-first vce-col--lg-first vce-col--xl-first\" id=\"el-b0fbeb8b\"><div class=\"vce-col-inner\" data-vce-do-apply=\"border margin background  el-b0fbeb8b\"><div class=\"vce-col-content\" data-vce-element-content=\"true\" data-vce-do-apply=\"padding el-b0fbeb8b\"><div class=\"vce-text-block\"><div class=\"vce-text-block-wrapper vce\" id=\"el-df053cb3\" data-vce-do-apply=\"all el-df053cb3\"><h2 style=\"text-align: center;\"><span style=\"font-size: 16pt;\"><strong>Proyectos New Space<\/strong><\/span><\/h2><br><p style=\"text-align: justify;\">Formar parte del impulso del New Space en la Comunidad de Madrid a trav\u00e9s de proyectos colaborativos en el que todos los miembros interact\u00faan de aportando su valor y conocimiento en esta \u00e1rea de expertise en pleno auge<\/p><\/div><\/div><\/div><\/div><\/div><div class=\"vce-col vce-col--md-auto vce-col--xs-1 vce-col--xs-last vce-col--xs-first vce-col--sm-last vce-col--sm-first\" id=\"el-3b9b6367\"><div class=\"vce-col-inner\" data-vce-do-apply=\"border margin background  el-3b9b6367\"><div class=\"vce-col-content\" data-vce-element-content=\"true\" data-vce-do-apply=\"padding el-3b9b6367\"><div class=\"vce-text-block\"><div class=\"vce-text-block-wrapper vce\" id=\"el-e73477de\" data-vce-do-apply=\"all el-e73477de\"><h2 style=\"text-align: left;\"><span style=\"font-size: 16pt;\"><strong>Acceso a infraestructuras<\/strong><\/span><\/h2><p style=\"text-align: justify;\">Obtener acceso a una red de infraestructuras tecnol\u00f3gicas y de investigaci\u00f3n m\u00e1s amplia en las que de forma colaborativa llevar a cabo trabajos y el fomento del traspaso de conocimiento.<\/p><\/div><\/div><\/div><\/div><\/div><div class=\"vce-col vce-col--md-auto vce-col--xs-1 vce-col--xs-last vce-col--xs-first vce-col--sm-last vce-col--sm-first vce-col--md-last vce-col--lg-last vce-col--xl-last\" id=\"el-fd7288d0\"><div class=\"vce-col-inner\" data-vce-do-apply=\"border margin background  el-fd7288d0\"><div class=\"vce-col-content\" data-vce-element-content=\"true\" data-vce-do-apply=\"padding el-fd7288d0\"><div class=\"vce-text-block\"><div class=\"vce-text-block-wrapper vce\" id=\"el-74c66f96\" data-vce-do-apply=\"all el-74c66f96\"><h2 style=\"text-align: center;\"><span style=\"font-size: 16pt;\"><strong>Eventos<\/strong><\/span><\/h2><br><p style=\"text-align: justify;\">Participar y organizar en seminarios, congresos, jornadas y eventos donde se re\u00fanan los principales actores y agentes del sector espacial de la Comunidad de Madrid, as\u00ed como de \u00e1mbito nacional e internacional<\/p><\/div><\/div><\/div><\/div><\/div><\/div><\/div><\/div>\n","protected":false},"excerpt":{"rendered":"<p>\u00bfPor qu\u00e9 unirse al cl\u00faster?El cl\u00faster en tecnolog\u00edas del espacio ofrece un espacio colaborativo, donde por primera vez se re\u00fanen todas las entidades del sector en un mismo entorno (Empresas, universidades, centros de investigaci\u00f3n y entidades p\u00fablicas) donde poder conectar, compartir conocimientos y experiencias, y colaborar en el desarrollo de proyectos conjuntos dentro del \u00e1rea de la Comunidad de Madrid. Al unirse al cl\u00faster, se obtiene acceso a una red diversa y especializada que fomenta la innovaci\u00f3n y el desarrollo tecnol\u00f3gico del sector espacial de forma concreta a trav\u00e9s de las siguientes \u00e1reas.PERTE aeroespacialEstablecer sinergias para la presentaci\u00f3n conjunta de\u2026<\/p>\n","protected":false},"author":3,"featured_media":0,"parent":5,"menu_order":3,"comment_status":"closed","ping_status":"closed","template":"","meta":{"pmpro_default_level":0,"passster_activate_protection":false,"passster_protect_child_pages":"","passster_protection_type":"password","passster_password":"","passster_activate_overwrite_defaults":"","passster_headline":"","passster_instruction":"","passster_placeholder":"","passster_button":"","passster_id":"","passster_activate_misc_settings":"","passster_redirect_url":"","passster_hide":"no","passster_area_shortcode":"","_mc_calendar":[],"footnotes":""},"class_list":["post-23","page","type-page","status-publish","hentry","pmpro-has-access"],"blocksy_meta":"","acf":[],"_links":{"self":[{"href":"https:\/\/citt-espacio.madrimasd.org\/index.php\/wp-json\/wp\/v2\/pages\/23","targetHints":{"allow":["GET"]}}],"collection":[{"href":"https:\/\/citt-espacio.madrimasd.org\/index.php\/wp-json\/wp\/v2\/pages"}],"about":[{"href":"https:\/\/citt-espacio.madrimasd.org\/index.php\/wp-json\/wp\/v2\/types\/page"}],"author":[{"embeddable":true,"href":"https:\/\/citt-espacio.madrimasd.org\/index.php\/wp-json\/wp\/v2\/users\/3"}],"replies":[{"embeddable":true,"href":"https:\/\/citt-espacio.madrimasd.org\/index.php\/wp-json\/wp\/v2\/comments?post=23"}],"version-history":[{"count":7,"href":"https:\/\/citt-espacio.madrimasd.org\/index.php\/wp-json\/wp\/v2\/pages\/23\/revisions"}],"predecessor-version":[{"id":639,"href":"https:\/\/citt-espacio.madrimasd.org\/index.php\/wp-json\/wp\/v2\/pages\/23\/revisions\/639"}],"up":[{"embeddable":true,"href":"https:\/\/citt-espacio.madrimasd.org\/index.php\/wp-json\/wp\/v2\/pages\/5"}],"wp:attachment":[{"href":"https:\/\/citt-espacio.madrimasd.org\/index.php\/wp-json\/wp\/v2\/media?parent=23"}],"curies":[{"name":"wp","href":"https:\/\/api.w.org\/{rel}","templated":true}]}}